[INFO] cloning repository https://github.com/FredericDesgreniers/comp353_gen
[INFO] running `Command { std: "git" "-c" "credential.helper=" "-c" "credential.helper=/workspace/cargo-home/bin/git-credential-null" "clone" "--bare" "https://github.com/FredericDesgreniers/comp353_gen" "/workspace/cache/git-repos/https%3A%2F%2Fgithub.com%2FFredericDesgreniers%2Fcomp353_gen", kill_on_drop: false }`
[INFO] [stderr] Cloning into bare repository '/workspace/cache/git-repos/https%3A%2F%2Fgithub.com%2FFredericDesgreniers%2Fcomp353_gen'...
[INFO] running `Command { std: "git" "rev-parse" "HEAD", kill_on_drop: false }`
[INFO] [stdout] 9916d59810824119c5d2ebf332300695d71fd4cb
[INFO] checking FredericDesgreniers/comp353_gen against master#af3c6e733a40e671550e0f0f5aeecaa13772ba56 for pr-74989
[INFO] running `Command { std: "git" "clone" "/workspace/cache/git-repos/https%3A%2F%2Fgithub.com%2FFredericDesgreniers%2Fcomp353_gen" "/workspace/builds/worker-12/source", kill_on_drop: false }`
[INFO] [stderr] Cloning into '/workspace/builds/worker-12/source'...
[INFO] [stderr] done.
[INFO] validating manifest of git repo https://github.com/FredericDesgreniers/comp353_gen on toolchain af3c6e733a40e671550e0f0f5aeecaa13772ba56
[INFO] running `Command { std: "/workspace/cargo-home/bin/cargo" "+af3c6e733a40e671550e0f0f5aeecaa13772ba56" "read-manifest" "--manifest-path" "Cargo.toml", kill_on_drop: false }`
[INFO] started tweaking git repo https://github.com/FredericDesgreniers/comp353_gen
[INFO] removed path dependency generator from git repo https://github.com/FredericDesgreniers/comp353_gen
[INFO] finished tweaking git repo https://github.com/FredericDesgreniers/comp353_gen
[INFO] tweaked toml for git repo https://github.com/FredericDesgreniers/comp353_gen written to /workspace/builds/worker-12/source/Cargo.toml
[INFO] crate git repo https://github.com/FredericDesgreniers/comp353_gen already has a lockfile, it will not be regenerated
[INFO] running `Command { std: "/workspace/cargo-home/bin/cargo" "+af3c6e733a40e671550e0f0f5aeecaa13772ba56" "fetch" "--locked" "--manifest-path" "Cargo.toml", kill_on_drop: false }`
[INFO] [stderr] warning: dependency (generator) specified without providing a local path, Git repository, or version to use. This will be considered an error in future versions
[INFO] [stderr]     Blocking waiting for file lock on package cache
[INFO] [stderr]     Updating crates.io index
[INFO] [stderr] error: the lock file /workspace/builds/worker-12/source/Cargo.lock needs to be updated but --locked was passed to prevent this
[INFO] [stderr] If you want to try to generate the lock file without accessing the network, use the --offline flag.
[INFO] the lockfile is outdated, regenerating it
[INFO] running `Command { std: "/workspace/cargo-home/bin/cargo" "+af3c6e733a40e671550e0f0f5aeecaa13772ba56" "generate-lockfile" "--manifest-path" "Cargo.toml" "-Zno-index-update", kill_on_drop: false }`
[INFO] [stderr]     Blocking waiting for file lock on package cache
[INFO] running `Command { std: "/workspace/cargo-home/bin/cargo" "+af3c6e733a40e671550e0f0f5aeecaa13772ba56" "fetch" "--locked" "--manifest-path" "Cargo.toml", kill_on_drop: false }`
[INFO] [stderr] warning: dependency (generator) specified without providing a local path, Git repository, or version to use. This will be considered an error in future versions
[INFO] [stderr]     Blocking waiting for file lock on package cache
[INFO] running `Command { std: "docker" "create" "-v" "/var/lib/crater-agent-workspace/builds/worker-12/target:/opt/rustwide/target:rw,Z" "-v" "/var/lib/crater-agent-workspace/builds/worker-12/source:/opt/rustwide/workdir:ro,Z" "-v" "/var/lib/crater-agent-workspace/cargo-home:/opt/rustwide/cargo-home:ro,Z" "-v" "/var/lib/crater-agent-workspace/rustup-home:/opt/rustwide/rustup-home:ro,Z" "-e" "SOURCE_DIR=/opt/rustwide/workdir" "-e" "CARGO_TARGET_DIR=/opt/rustwide/target" "-e" "CARGO_HOME=/opt/rustwide/cargo-home" "-e" "RUSTUP_HOME=/opt/rustwide/rustup-home" "-w" "/opt/rustwide/workdir" "-m" "1610612736" "--user" "0:0" "--network" "none" "rustops/crates-build-env@sha256:d92eaeed33fa75130ca1ee6c8a01d1ffb62bac859dfdfb3450e3e5d1c0146529" "/opt/rustwide/cargo-home/bin/cargo" "+af3c6e733a40e671550e0f0f5aeecaa13772ba56" "metadata" "--no-deps" "--format-version=1", kill_on_drop: false }`
[INFO] [stdout] 9b89122f314758f7566a72bf620655f4ad0a697357944cf5f796be242f05d184
[INFO] [stderr] WARNING: Your kernel does not support swap limit capabilities or the cgroup is not mounted. Memory limited without swap.
[INFO] running `Command { std: "docker" "start" "-a" "9b89122f314758f7566a72bf620655f4ad0a697357944cf5f796be242f05d184", kill_on_drop: false }`
[INFO] running `Command { std: "docker" "inspect" "9b89122f314758f7566a72bf620655f4ad0a697357944cf5f796be242f05d184", kill_on_drop: false }`
[INFO] running `Command { std: "docker" "rm" "-f" "9b89122f314758f7566a72bf620655f4ad0a697357944cf5f796be242f05d184", kill_on_drop: false }`
[INFO] [stdout] 9b89122f314758f7566a72bf620655f4ad0a697357944cf5f796be242f05d184
[INFO] running `Command { std: "docker" "create" "-v" "/var/lib/crater-agent-workspace/builds/worker-12/target:/opt/rustwide/target:rw,Z" "-v" "/var/lib/crater-agent-workspace/builds/worker-12/source:/opt/rustwide/workdir:ro,Z" "-v" "/var/lib/crater-agent-workspace/cargo-home:/opt/rustwide/cargo-home:ro,Z" "-v" "/var/lib/crater-agent-workspace/rustup-home:/opt/rustwide/rustup-home:ro,Z" "-e" "SOURCE_DIR=/opt/rustwide/workdir" "-e" "CARGO_TARGET_DIR=/opt/rustwide/target" "-e" "CARGO_INCREMENTAL=0" "-e" "RUST_BACKTRACE=full" "-e" "RUSTFLAGS=--cap-lints=forbid" "-e" "CARGO_HOME=/opt/rustwide/cargo-home" "-e" "RUSTUP_HOME=/opt/rustwide/rustup-home" "-w" "/opt/rustwide/workdir" "-m" "1610612736" "--user" "0:0" "--network" "none" "rustops/crates-build-env@sha256:d92eaeed33fa75130ca1ee6c8a01d1ffb62bac859dfdfb3450e3e5d1c0146529" "/opt/rustwide/cargo-home/bin/cargo" "+af3c6e733a40e671550e0f0f5aeecaa13772ba56" "check" "--frozen" "--all" "--all-targets" "--message-format=json", kill_on_drop: false }`
[INFO] [stderr] WARNING: Your kernel does not support swap limit capabilities or the cgroup is not mounted. Memory limited without swap.
[INFO] [stdout] 9ee9b132ea9de0dd6526d77f4b967d4322a6c215389a1a40136b2ba8b7ce7914
[INFO] running `Command { std: "docker" "start" "-a" "9ee9b132ea9de0dd6526d77f4b967d4322a6c215389a1a40136b2ba8b7ce7914", kill_on_drop: false }`
[INFO] [stderr] warning: dependency (generator) specified without providing a local path, Git repository, or version to use. This will be considered an error in future versions
[INFO] [stderr]    Compiling proc-macro2 v1.0.21
[INFO] [stderr]    Compiling libc v0.2.77
[INFO] [stderr]    Compiling unicode-xid v0.2.1
[INFO] [stderr]    Compiling syn v1.0.40
[INFO] [stderr]    Compiling autocfg v1.0.1
[INFO] [stderr]    Compiling semver-parser v0.7.0
[INFO] [stderr]     Checking cfg-if v0.1.10
[INFO] [stderr]    Compiling failure_derive v0.1.8
[INFO] [stderr]    Compiling cc v1.0.59
[INFO] [stderr]     Checking adler v0.2.3
[INFO] [stderr]    Compiling log v0.4.11
[INFO] [stderr]     Checking gimli v0.22.0
[INFO] [stderr]     Checking object v0.20.0
[INFO] [stderr]     Checking rustc-demangle v0.1.16
[INFO] [stderr]     Checking rand_core v0.4.2
[INFO] [stderr]    Compiling semver v0.9.0
[INFO] [stderr]     Checking rand_core v0.3.1
[INFO] [stderr]    Compiling miniz_oxide v0.4.2
[INFO] [stderr]    Compiling rustc_version v0.2.3
[INFO] [stderr]    Compiling generator v0.6.22
[INFO] [stderr]    Compiling quote v1.0.7
[INFO] [stderr]     Checking rand v0.5.6
[INFO] [stderr]     Checking addr2line v0.13.0
[INFO] [stderr]     Checking backtrace v0.3.50
[INFO] [stderr]    Compiling synstructure v0.12.4
[INFO] [stderr]     Checking failure v0.1.8
[INFO] [stderr]     Checking comp353_gen v0.1.0 (/opt/rustwide/workdir)
[INFO] [stdout] error[E0433]: failed to resolve: could not find `models` in `generator`
[INFO] [stdout]   --> src/main.rs:13:16
[INFO] [stdout]    |
[INFO] [stdout] 13 | use generator::models::person::PersonName;
[INFO] [stdout]    |                ^^^^^^ could not find `models` in `generator`
[INFO] [stdout] 
[INFO] [stdout] 
[INFO] [stdout] error[E0433]: failed to resolve: could not find `models` in `generator`
[INFO] [stdout]   --> src/main.rs:13:16
[INFO] [stdout]    |
[INFO] [stdout] 13 | use generator::models::person::PersonName;
[INFO] [stdout]    |                ^^^^^^ could not find `models` in `generator`
[INFO] [stdout] 
[INFO] [stdout] 
[INFO] [stdout] error[E0433]: failed to resolve: could not find `models` in `generator`
[INFO] [stdout]   --> src/main.rs:14:16
[INFO] [stdout]    |
[INFO] [stdout] 14 | use generator::models::client::ClientName;
[INFO] [stdout]    |                ^^^^^^ could not find `models` in `generator`
[INFO] [stdout] 
[INFO] [stdout] 
[INFO] [stdout] error[E0432]: unresolved import `generator::streams`
[INFO] [stdout]   --> src/main.rs:12:16
[INFO] [stdout]    |
[INFO] [stdout] 12 | use generator::streams::Stream;
[INFO] [stdout]    |                ^^^^^^^ could not find `streams` in `generator`
[INFO] [stdout] 
[INFO] [stdout] 
[INFO] [stdout] error[E0433]: failed to resolve: could not find `models` in `generator`
[INFO] [stdout]   --> src/main.rs:14:16
[INFO] [stdout]    |
[INFO] [stdout] 14 | use generator::models::client::ClientName;
[INFO] [stdout]    |                ^^^^^^ could not find `models` in `generator`
[INFO] [stdout] 
[INFO] [stdout] 
[INFO] [stdout] error[E0432]: unresolved import `generator::streams`
[INFO] [stdout]   --> src/main.rs:12:16
[INFO] [stdout]    |
[INFO] [stdout] 12 | use generator::streams::Stream;
[INFO] [stdout]    |                ^^^^^^^ could not find `streams` in `generator`
[INFO] [stdout] 
[INFO] [stdout] 
[INFO] [stdout] error[E0412]: cannot find type `PersonName` in this scope
[INFO] [stdout]   --> src/main.rs:19:33
[INFO] [stdout]    |
[INFO] [stdout] 19 |     let mut name_generator: Stream<PersonName> = Stream::from_file(File::open("employees.txt")?);
[INFO] [stdout]    |                                    ^^^^^^^^^^ not found in this scope
[INFO] [stdout] 
[INFO] [stdout] 
[INFO] [stdout] error[E0412]: cannot find type `ClientName` in this scope
[INFO] [stdout]   --> src/main.rs:20:36
[INFO] [stdout]    |
[INFO] [stdout] 20 |     let client_name_generator: Stream<ClientName> = Stream::from_file(File::open("companies.txt")?);
[INFO] [stdout]    |                                       ^^^^^^^^^^ not found in this scope
[INFO] [stdout] 
[INFO] [stdout] 
[INFO] [stdout] warning: unused imports: `Range`, `SampleRange`
[INFO] [stdout]  --> src/main.rs:7:34
[INFO] [stdout]   |
[INFO] [stdout] 7 | use rand::distributions::range::{Range, SampleRange};
[INFO] [stdout]   |                                  ^^^^^  ^^^^^^^^^^^
[INFO] [stdout]   |
[INFO] [stdout]   = note: `#[warn(unused_imports)]` on by default
[INFO] [stdout] 
[INFO] [stdout] 
[INFO] [stdout] warning: unused import: `rand::prelude::*`
[INFO] [stdout]  --> src/main.rs:8:5
[INFO] [stdout]   |
[INFO] [stdout] 8 | use rand::prelude::*;
[INFO] [stdout]   |     ^^^^^^^^^^^^^^^^
[INFO] [stdout] 
[INFO] [stdout] 
[INFO] [stdout] warning: unused import: `rand::thread_rng`
[INFO] [stdout]  --> src/main.rs:9:5
[INFO] [stdout]   |
[INFO] [stdout] 9 | use rand::thread_rng;
[INFO] [stdout]   |     ^^^^^^^^^^^^^^^^
[INFO] [stdout] 
[INFO] [stdout] 
[INFO] [stdout] error[E0412]: cannot find type `PersonName` in this scope
[INFO] [stdout]   --> src/main.rs:19:33
[INFO] [stdout]    |
[INFO] [stdout] 19 |     let mut name_generator: Stream<PersonName> = Stream::from_file(File::open("employees.txt")?);
[INFO] [stdout]    |                                    ^^^^^^^^^^ not found in this scope
[INFO] [stdout] 
[INFO] [stdout] 
[INFO] [stdout] error[E0412]: cannot find type `ClientName` in this scope
[INFO] [stdout]   --> src/main.rs:20:36
[INFO] [stdout]    |
[INFO] [stdout] 20 |     let client_name_generator: Stream<ClientName> = Stream::from_file(File::open("companies.txt")?);
[INFO] [stdout]    |                                       ^^^^^^^^^^ not found in this scope
[INFO] [stdout] 
[INFO] [stdout] 
[INFO] [stdout] warning: unused imports: `Range`, `SampleRange`
[INFO] [stdout]  --> src/main.rs:7:34
[INFO] [stdout]   |
[INFO] [stdout] 7 | use rand::distributions::range::{Range, SampleRange};
[INFO] [stdout]   |                                  ^^^^^  ^^^^^^^^^^^
[INFO] [stdout]   |
[INFO] [stdout]   = note: `#[warn(unused_imports)]` on by default
[INFO] [stdout] 
[INFO] [stdout] 
[INFO] [stdout] warning: unused import: `rand::prelude::*`
[INFO] [stdout]  --> src/main.rs:8:5
[INFO] [stdout]   |
[INFO] [stdout] 8 | use rand::prelude::*;
[INFO] [stdout]   |     ^^^^^^^^^^^^^^^^
[INFO] [stdout] 
[INFO] [stdout] 
[INFO] [stdout] warning: unused import: `rand::thread_rng`
[INFO] [stdout]  --> src/main.rs:9:5
[INFO] [stdout]   |
[INFO] [stdout] 9 | use rand::thread_rng;
[INFO] [stdout]   |     ^^^^^^^^^^^^^^^^
[INFO] [stdout] 
[INFO] [stdout] 
[INFO] [stdout] error[E0599]: no function or associated item named `new` found for struct `generator::Generator<'_, _, _>` in the current scope
[INFO] [stdout]   --> src/main.rs:22:33
[INFO] [stdout]    |
[INFO] [stdout] 22 |     let mut generator = Generator::new(name_generator, client_name_generator, Default::default());
[INFO] [stdout]    |                                    ^^^ function or associated item not found in `generator::Generator<'_, _, _>`
[INFO] [stdout] 
[INFO] [stdout] 
[INFO] [stdout] error[E0599]: no function or associated item named `new` found for struct `generator::Generator<'_, _, _>` in the current scope
[INFO] [stdout]   --> src/main.rs:22:33
[INFO] [stdout]    |
[INFO] [stdout] 22 |     let mut generator = Generator::new(name_generator, client_name_generator, Default::default());
[INFO] [stdout]    |                                    ^^^ function or associated item not found in `generator::Generator<'_, _, _>`
[INFO] [stdout] 
[INFO] [stdout] 
[INFO] [stdout] error: aborting due to 6 previous errors; 3 warnings emitted
[INFO] [stdout] 
[INFO] [stdout] 
[INFO] [stdout] Some errors have detailed explanations: E0412, E0432, E0433, E0599.
[INFO] [stdout] 
[INFO] [stdout] For more information about an error, try `rustc --explain E0412`.
[INFO] [stdout] 
[INFO] [stdout] error: aborting due to 6 previous errors; 3 warnings emitted
[INFO] [stdout] 
[INFO] [stdout] 
[INFO] [stdout] Some errors have detailed explanations: E0412, E0432, E0433, E0599.
[INFO] [stdout] 
[INFO] [stdout] For more information about an error, try `rustc --explain E0412`.
[INFO] [stdout] 
[INFO] [stderr] error: could not compile `comp353_gen`.
[INFO] [stderr] 
[INFO] [stderr] To learn more, run the command again with --verbose.
[INFO] [stderr] warning: build failed, waiting for other jobs to finish...
[INFO] [stderr] error: build failed
[INFO] running `Command { std: "docker" "inspect" "9ee9b132ea9de0dd6526d77f4b967d4322a6c215389a1a40136b2ba8b7ce7914", kill_on_drop: false }`
[INFO] running `Command { std: "docker" "rm" "-f" "9ee9b132ea9de0dd6526d77f4b967d4322a6c215389a1a40136b2ba8b7ce7914", kill_on_drop: false }`
[INFO] [stdout] 9ee9b132ea9de0dd6526d77f4b967d4322a6c215389a1a40136b2ba8b7ce7914
